{"id":33350,"date":"2022-09-06T06:41:22","date_gmt":"2022-09-06T06:41:22","guid":{"rendered":"https:\/\/www.suresmile.com\/da-dk\/?page_id=33350"},"modified":"2023-04-03T13:28:49","modified_gmt":"2023-04-03T13:28:49","slug":"suresmile-treatment-costs","status":"publish","type":"page","link":"https:\/\/www.suresmile.com\/da-dk\/suresmile-treatment-costs\/","title":{"rendered":"SureSmile\u00ae Treatment Costs"},"content":{"rendered":"\t\t<div data-elementor-type=\"wp-page\" data-elementor-id=\"33350\" class=\"elementor elementor-33350\" data-elementor-post-type=\"page\">\n\t\t\t\t\t\t<section class=\"elementor-section elementor-top-section elementor-element elementor-element-65d785d elementor-section-height-min-height elementor-section-stretched elementor-hidden-tablet elementor-hidden-phone elementor-section-boxed elementor-section-height-default elementor-section-items-middle\" data-id=\"65d785d\" data-element_type=\"section\" data-settings=\"{&quot;background_background&quot;:&quot;classic&quot;,&quot;stretch_section&quot;:&quot;section-stretched&quot;}\">\n\t\t\t\t\t\t<div class=\"elementor-container elementor-column-gap-extended\">\n\t\t\t\t\t<div class=\"elementor-column elementor-col-100 elementor-top-column elementor-element elementor-element-9d08638\" data-id=\"9d08638\" data-element_type=\"column\">\n\t\t\t<div class=\"elementor-widget-wrap elementor-element-populated\">\n\t\t\t\t\t<div class=\"elementor-background-overlay\"><\/div>\n\t\t\t\t\t\t<div class=\"elementor-element elementor-element-36423b9 elementor-widget elementor-widget-heading\" data-id=\"36423b9\" data-element_type=\"widget\" data-widget_type=\"heading.default\">\n\t\t\t\t<div class=\"elementor-widget-container\">\n\t\t\t\t\t<h1 class=\"elementor-heading-title elementor-size-default\">SureSmile<sup>\u00ae<\/sup> <br>behandlingsomkostninger<\/h1>\t\t\t\t<\/div>\n\t\t\t\t<\/div>\n\t\t\t\t\t<\/div>\n\t\t<\/div>\n\t\t\t\t\t<\/div>\n\t\t<\/section>\n\t\t\t\t<section class=\"elementor-section elementor-top-section elementor-element elementor-element-3fd3b0f elementor-section-height-min-height elementor-section-items-top elementor-section-stretched elementor-hidden-desktop elementor-section-boxed elementor-section-height-default\" data-id=\"3fd3b0f\" data-element_type=\"section\" data-settings=\"{&quot;background_background&quot;:&quot;classic&quot;,&quot;stretch_section&quot;:&quot;section-stretched&quot;}\">\n\t\t\t\t\t\t<div class=\"elementor-container elementor-column-gap-extended\">\n\t\t\t\t\t<div class=\"elementor-column elementor-col-50 elementor-top-column elementor-element elementor-element-01f02e9\" data-id=\"01f02e9\" data-element_type=\"column\">\n\t\t\t<div class=\"elementor-widget-wrap elementor-element-populated\">\n\t\t\t\t\t<div class=\"elementor-background-overlay\"><\/div>\n\t\t\t\t\t\t<div class=\"elementor-element elementor-element-5f97cac elementor-widget elementor-widget-heading\" data-id=\"5f97cac\" data-element_type=\"widget\" data-widget_type=\"heading.default\">\n\t\t\t\t<div class=\"elementor-widget-container\">\n\t\t\t\t\t<h1 class=\"elementor-heading-title elementor-size-default\">SureSmile<sup>\u00ae<\/sup> behandlings<br>omkostninger<\/h1>\t\t\t\t<\/div>\n\t\t\t\t<\/div>\n\t\t\t\t\t<\/div>\n\t\t<\/div>\n\t\t\t\t<div class=\"elementor-column elementor-col-50 elementor-top-column elementor-element elementor-element-eb0c796\" data-id=\"eb0c796\" data-element_type=\"column\">\n\t\t\t<div class=\"elementor-widget-wrap\">\n\t\t\t\t\t\t\t<\/div>\n\t\t<\/div>\n\t\t\t\t\t<\/div>\n\t\t<\/section>\n\t\t\t\t<section class=\"elementor-section elementor-top-section elementor-element elementor-element-3df2603 elementor-section-stretched elementor-section-boxed elementor-section-height-default elementor-section-height-default\" data-id=\"3df2603\" data-element_type=\"section\" data-settings=\"{&quot;stretch_section&quot;:&quot;section-stretched&quot;,&quot;background_background&quot;:&quot;classic&quot;}\">\n\t\t\t\t\t\t<div class=\"elementor-container elementor-column-gap-default\">\n\t\t\t\t\t<div class=\"elementor-column elementor-col-100 elementor-top-column elementor-element elementor-element-dc68bc5\" data-id=\"dc68bc5\" data-element_type=\"column\">\n\t\t\t<div class=\"elementor-widget-wrap elementor-element-populated\">\n\t\t\t\t\t\t<div class=\"elementor-element elementor-element-c0e0304 elementor-widget elementor-widget-heading\" data-id=\"c0e0304\" data-element_type=\"widget\" data-widget_type=\"heading.default\">\n\t\t\t\t<div class=\"elementor-widget-container\">\n\t\t\t\t\t<h2 class=\"elementor-heading-title elementor-size-default\">Intet smil er det samme, s\u00e5 dine behandlingsomkostninger afh\u00e6nger af den plan, du og din tandl\u00e6ge bliver  enige om.<\/h2>\t\t\t\t<\/div>\n\t\t\t\t<\/div>\n\t\t\t\t<div class=\"elementor-element elementor-element-c6adcfb elementor-widget elementor-widget-text-editor\" data-id=\"c6adcfb\" data-element_type=\"widget\" data-widget_type=\"text-editor.default\">\n\t\t\t\t<div class=\"elementor-widget-container\">\n\t\t\t\t\t\t\t\t\t<p>R\u00e5df\u00f8r dig med en SureSmile-tandl\u00e6ge<sup>\u00ae<\/sup> om betalings- og finansieringsmuligheder. Hver behandling er unik, derfor afh\u00e6nger de samlede omkostninger af den behandlingsplan, du og din tandl\u00e6ge er enige om. S\u00f8rg for at diskutere omkostninger, forsikringsmuligheder og betalingsplaner under din f\u00f8rste konsultationsaftale.<\/p>\t\t\t\t\t\t\t\t<\/div>\n\t\t\t\t<\/div>\n\t\t\t\t\t<\/div>\n\t\t<\/div>\n\t\t\t\t\t<\/div>\n\t\t<\/section>\n\t\t\t\t<section class=\"elementor-section elementor-top-section elementor-element elementor-element-fb5eaa1 elementor-section-stretched elementor-section-boxed elementor-section-height-default elementor-section-height-default\" data-id=\"fb5eaa1\" data-element_type=\"section\" data-settings=\"{&quot;stretch_section&quot;:&quot;section-stretched&quot;,&quot;background_background&quot;:&quot;classic&quot;}\">\n\t\t\t\t\t\t<div class=\"elementor-container elementor-column-gap-default\">\n\t\t\t\t\t<div class=\"elementor-column elementor-col-100 elementor-top-column elementor-element elementor-element-2cbb6fc\" data-id=\"2cbb6fc\" data-element_type=\"column\">\n\t\t\t<div class=\"elementor-widget-wrap elementor-element-populated\">\n\t\t\t\t\t\t<div class=\"elementor-element elementor-element-df06f61 elementor-widget elementor-widget-text-editor\" data-id=\"df06f61\" data-element_type=\"widget\" data-widget_type=\"text-editor.default\">\n\t\t\t\t<div class=\"elementor-widget-container\">\n\t\t\t\t\t\t\t\t\t<p>Oplysningerne p\u00e5 dette websted er ikke beregnet til at erstatte professionel medicinsk r\u00e5dgivning, diagnose eller behandling. Alt indhold, herunder test, grafik, billeder og information, der findes p\u00e5 eller er tilg\u00e6ngeligt via dette websted, er kun til generelle form\u00e5l. R\u00e5df\u00f8r dig med din tandl\u00e6ge for flere detaljer om, hvorvidt SureSmile Aligners passer godt til dig.<\/p>\t\t\t\t\t\t\t\t<\/div>\n\t\t\t\t<\/div>\n\t\t\t\t\t<\/div>\n\t\t<\/div>\n\t\t\t\t\t<\/div>\n\t\t<\/section>\n\t\t\t\t<section class=\"elementor-section elementor-top-section elementor-element elementor-element-671a59b elementor-section-content-middle elementor-section-height-min-height elementor-section-stretched elementor-section-boxed elementor-section-height-default elementor-section-items-middle\" data-id=\"671a59b\" data-element_type=\"section\" data-settings=\"{&quot;background_background&quot;:&quot;classic&quot;,&quot;stretch_section&quot;:&quot;section-stretched&quot;}\">\n\t\t\t\t\t\t<div class=\"elementor-container elementor-column-gap-default\">\n\t\t\t\t\t<div class=\"elementor-column elementor-col-100 elementor-top-column elementor-element elementor-element-9c77213\" data-id=\"9c77213\" data-element_type=\"column\">\n\t\t\t<div class=\"elementor-widget-wrap elementor-element-populated\">\n\t\t\t\t\t\t<div class=\"elementor-element elementor-element-1c5aafc elementor-widget elementor-widget-heading\" data-id=\"1c5aafc\" data-element_type=\"widget\" data-widget_type=\"heading.default\">\n\t\t\t\t<div class=\"elementor-widget-container\">\n\t\t\t\t\t<h2 class=\"elementor-heading-title elementor-size-default\">Klar til at bestille tid til din konsultation?<\/h2>\t\t\t\t<\/div>\n\t\t\t\t<\/div>\n\t\t\t\t<div class=\"elementor-element elementor-element-56d617a elementor-button-warning elementor-align-center elementor-widget elementor-widget-button\" data-id=\"56d617a\" data-element_type=\"widget\" data-widget_type=\"button.default\">\n\t\t\t\t<div class=\"elementor-widget-container\">\n\t\t\t\t\t\t\t\t\t<div class=\"elementor-button-wrapper\">\n\t\t\t\t\t<a class=\"elementor-button elementor-button-link elementor-size-sm\" href=\"https:\/\/www.suresmile.com\/da-dk\/provider\/\">\n\t\t\t\t\t\t<span class=\"elementor-button-content-wrapper\">\n\t\t\t\t\t\t\t\t\t<span class=\"elementor-button-text\">FIND EN SURESMILE-UDBYDER<SUP>\u00ae<\/SUP> I DAG<\/span>\n\t\t\t\t\t<\/span>\n\t\t\t\t\t<\/a>\n\t\t\t\t<\/div>\n\t\t\t\t\t\t\t\t<\/div>\n\t\t\t\t<\/div>\n\t\t\t\t\t<\/div>\n\t\t<\/div>\n\t\t\t\t\t<\/div>\n\t\t<\/section>\n\t\t\t\t<\/div>\n\t\t","protected":false},"excerpt":{"rendered":"<p>SureSmile\u00ae behandlingsomkostninger SureSmile\u00ae behandlingsomkostninger Intet smil er det samme, s\u00e5 dine behandlingsomkostninger afh\u00e6nger af den plan, du og din tandl\u00e6ge bliver enige om. R\u00e5df\u00f8r dig med en SureSmile-tandl\u00e6ge\u00ae om betalings- og finansieringsmuligheder. Hver behandling er unik, derfor afh\u00e6nger de samlede omkostninger af den behandlingsplan, du og din tandl\u00e6ge er enige om. S\u00f8rg for at diskutere [&hellip;]<\/p>\n","protected":false},"author":27,"featured_media":0,"parent":0,"menu_order":0,"comment_status":"closed","ping_status":"closed","template":"","meta":{"ocean_post_layout":"","ocean_both_sidebars_style":"","ocean_both_sidebars_content_width":0,"ocean_both_sidebars_sidebars_width":0,"ocean_sidebar":"0","ocean_second_sidebar":"0","ocean_disable_margins":"enable","ocean_add_body_class":"","ocean_shortcode_before_top_bar":"","ocean_shortcode_after_top_bar":"","ocean_shortcode_before_header":"","ocean_shortcode_after_header":"","ocean_has_shortcode":"","ocean_shortcode_after_title":"","ocean_shortcode_before_footer_widgets":"","ocean_shortcode_after_footer_widgets":"","ocean_shortcode_before_footer_bottom":"","ocean_shortcode_after_footer_bottom":"","ocean_display_top_bar":"default","ocean_display_header":"default","ocean_header_style":"","ocean_center_header_left_menu":"0","ocean_custom_header_template":"0","ocean_custom_logo":0,"ocean_custom_retina_logo":0,"ocean_custom_logo_max_width":0,"ocean_custom_logo_tablet_max_width":0,"ocean_custom_logo_mobile_max_width":0,"ocean_custom_logo_max_height":0,"ocean_custom_logo_tablet_max_height":0,"ocean_custom_logo_mobile_max_height":0,"ocean_header_custom_menu":"0","ocean_menu_typo_font_family":"0","ocean_menu_typo_font_subset":"","ocean_menu_typo_font_size":0,"ocean_menu_typo_font_size_tablet":0,"ocean_menu_typo_font_size_mobile":0,"ocean_menu_typo_font_size_unit":"px","ocean_menu_typo_font_weight":"","ocean_menu_typo_font_weight_tablet":"","ocean_menu_typo_font_weight_mobile":"","ocean_menu_typo_transform":"","ocean_menu_typo_transform_tablet":"","ocean_menu_typo_transform_mobile":"","ocean_menu_typo_line_height":0,"ocean_menu_typo_line_height_tablet":0,"ocean_menu_typo_line_height_mobile":0,"ocean_menu_typo_line_height_unit":"","ocean_menu_typo_spacing":0,"ocean_menu_typo_spacing_tablet":0,"ocean_menu_typo_spacing_mobile":0,"ocean_menu_typo_spacing_unit":"","ocean_menu_link_color":"","ocean_menu_link_color_hover":"","ocean_menu_link_color_active":"","ocean_menu_link_background":"","ocean_menu_link_hover_background":"","ocean_menu_link_active_background":"","ocean_menu_social_links_bg":"","ocean_menu_social_hover_links_bg":"","ocean_menu_social_links_color":"","ocean_menu_social_hover_links_color":"","ocean_disable_title":"default","ocean_disable_heading":"default","ocean_post_title":"","ocean_post_subheading":"","ocean_post_title_style":"","ocean_post_title_background_color":"","ocean_post_title_background":0,"ocean_post_title_bg_image_position":"","ocean_post_title_bg_image_attachment":"","ocean_post_title_bg_image_repeat":"","ocean_post_title_bg_image_size":"","ocean_post_title_height":0,"ocean_post_title_bg_overlay":0.5,"ocean_post_title_bg_overlay_color":"","ocean_disable_breadcrumbs":"default","ocean_breadcrumbs_color":"","ocean_breadcrumbs_separator_color":"","ocean_breadcrumbs_links_color":"","ocean_breadcrumbs_links_hover_color":"","ocean_display_footer_widgets":"default","ocean_display_footer_bottom":"default","ocean_custom_footer_template":"0","footnotes":""},"class_list":["post-33350","page","type-page","status-publish","hentry","entry"],"yoast_head":"<!-- This site is optimized with the Yoast SEO plugin v24.7 - https:\/\/yoast.com\/wordpress\/plugins\/seo\/ -->\n<title>SureSmile omkostninger til din personlige behandling | SureSmile<\/title>\n<meta name=\"description\" content=\"Hver behandling er forskellig, ligesom hvert smil er forskelligt, hvilket ogs\u00e5 er grunden til, at dine behandlingsomkostninger afh\u00e6nger af, hvad du og din tandl\u00e6ge bliver enige om. F\u00e5 mere at vide!\" \/>\n<meta name=\"robots\" content=\"noindex, follow, max-snippet:-1, max-image-preview:large, max-video-preview:-1\" \/>\n<meta property=\"og:locale\" content=\"en_US\" \/>\n<meta property=\"og:type\" content=\"article\" \/>\n<meta property=\"og:title\" content=\"SureSmile omkostninger til din personlige behandling | SureSmile\" \/>\n<meta property=\"og:description\" content=\"Hver behandling er forskellig, ligesom hvert smil er forskelligt, hvilket ogs\u00e5 er grunden til, at dine behandlingsomkostninger afh\u00e6nger af, hvad du og din tandl\u00e6ge bliver enige om. F\u00e5 mere at vide!\" \/>\n<meta property=\"og:url\" content=\"https:\/\/www.suresmile.com\/da-dk\/suresmile-treatment-costs\/\" \/>\n<meta property=\"og:site_name\" content=\"SureSmile Danmark\" \/>\n<meta property=\"article:modified_time\" content=\"2023-04-03T13:28:49+00:00\" \/>\n<meta name=\"twitter:card\" content=\"summary_large_image\" \/>\n<meta name=\"twitter:label1\" content=\"Est. reading time\" \/>\n\t<meta name=\"twitter:data1\" content=\"1 minute\" \/>\n<script type=\"application\/ld+json\" class=\"yoast-schema-graph\">{\"@context\":\"https:\/\/schema.org\",\"@graph\":[{\"@type\":\"WebPage\",\"@id\":\"https:\/\/www.suresmile.com\/da-dk\/suresmile-treatment-costs\/\",\"url\":\"https:\/\/www.suresmile.com\/da-dk\/suresmile-treatment-costs\/\",\"name\":\"SureSmile omkostninger til din personlige behandling | SureSmile\",\"isPartOf\":{\"@id\":\"https:\/\/www.suresmile.com\/da-dk\/#website\"},\"datePublished\":\"2022-09-06T06:41:22+00:00\",\"dateModified\":\"2023-04-03T13:28:49+00:00\",\"description\":\"Hver behandling er forskellig, ligesom hvert smil er forskelligt, hvilket ogs\u00e5 er grunden til, at dine behandlingsomkostninger afh\u00e6nger af, hvad du og din tandl\u00e6ge bliver enige om. F\u00e5 mere at vide!\",\"breadcrumb\":{\"@id\":\"https:\/\/www.suresmile.com\/da-dk\/suresmile-treatment-costs\/#breadcrumb\"},\"inLanguage\":\"en-US\",\"potentialAction\":[{\"@type\":\"ReadAction\",\"target\":[\"https:\/\/www.suresmile.com\/da-dk\/suresmile-treatment-costs\/\"]}]},{\"@type\":\"BreadcrumbList\",\"@id\":\"https:\/\/www.suresmile.com\/da-dk\/suresmile-treatment-costs\/#breadcrumb\",\"itemListElement\":[{\"@type\":\"ListItem\",\"position\":1,\"name\":\"Home\",\"item\":\"https:\/\/www.suresmile.com\/da-dk\/\"},{\"@type\":\"ListItem\",\"position\":2,\"name\":\"SureSmile\u00ae Treatment Costs\"}]},{\"@type\":\"WebSite\",\"@id\":\"https:\/\/www.suresmile.com\/da-dk\/#website\",\"url\":\"https:\/\/www.suresmile.com\/da-dk\/\",\"name\":\"SureSmile Danmark\",\"description\":\"\",\"publisher\":{\"@id\":\"https:\/\/www.suresmile.com\/da-dk\/#organization\"},\"potentialAction\":[{\"@type\":\"SearchAction\",\"target\":{\"@type\":\"EntryPoint\",\"urlTemplate\":\"https:\/\/www.suresmile.com\/da-dk\/?s={search_term_string}\"},\"query-input\":{\"@type\":\"PropertyValueSpecification\",\"valueRequired\":true,\"valueName\":\"search_term_string\"}}],\"inLanguage\":\"en-US\"},{\"@type\":\"Organization\",\"@id\":\"https:\/\/www.suresmile.com\/da-dk\/#organization\",\"name\":\"SureSmile\",\"url\":\"https:\/\/www.suresmile.com\/da-dk\/\",\"logo\":{\"@type\":\"ImageObject\",\"inLanguage\":\"en-US\",\"@id\":\"https:\/\/www.suresmile.com\/da-dk\/#\/schema\/logo\/image\/\",\"url\":\"https:\/\/www.suresmile.com\/da-dk\/wp-content\/uploads\/sites\/45\/2020\/06\/cropped-SSALogoGray.png\",\"contentUrl\":\"https:\/\/www.suresmile.com\/da-dk\/wp-content\/uploads\/sites\/45\/2020\/06\/cropped-SSALogoGray.png\",\"width\":1200,\"height\":286,\"caption\":\"SureSmile\"},\"image\":{\"@id\":\"https:\/\/www.suresmile.com\/da-dk\/#\/schema\/logo\/image\/\"}}]}<\/script>\n<!-- \/ Yoast SEO plugin. -->","yoast_head_json":{"title":"SureSmile omkostninger til din personlige behandling | SureSmile","description":"Hver behandling er forskellig, ligesom hvert smil er forskelligt, hvilket ogs\u00e5 er grunden til, at dine behandlingsomkostninger afh\u00e6nger af, hvad du og din tandl\u00e6ge bliver enige om. F\u00e5 mere at vide!","robots":{"index":"noindex","follow":"follow","max-snippet":"max-snippet:-1","max-image-preview":"max-image-preview:large","max-video-preview":"max-video-preview:-1"},"og_locale":"en_US","og_type":"article","og_title":"SureSmile omkostninger til din personlige behandling | SureSmile","og_description":"Hver behandling er forskellig, ligesom hvert smil er forskelligt, hvilket ogs\u00e5 er grunden til, at dine behandlingsomkostninger afh\u00e6nger af, hvad du og din tandl\u00e6ge bliver enige om. F\u00e5 mere at vide!","og_url":"https:\/\/www.suresmile.com\/da-dk\/suresmile-treatment-costs\/","og_site_name":"SureSmile Danmark","article_modified_time":"2023-04-03T13:28:49+00:00","twitter_card":"summary_large_image","twitter_misc":{"Est. reading time":"1 minute"},"schema":{"@context":"https:\/\/schema.org","@graph":[{"@type":"WebPage","@id":"https:\/\/www.suresmile.com\/da-dk\/suresmile-treatment-costs\/","url":"https:\/\/www.suresmile.com\/da-dk\/suresmile-treatment-costs\/","name":"SureSmile omkostninger til din personlige behandling | SureSmile","isPartOf":{"@id":"https:\/\/www.suresmile.com\/da-dk\/#website"},"datePublished":"2022-09-06T06:41:22+00:00","dateModified":"2023-04-03T13:28:49+00:00","description":"Hver behandling er forskellig, ligesom hvert smil er forskelligt, hvilket ogs\u00e5 er grunden til, at dine behandlingsomkostninger afh\u00e6nger af, hvad du og din tandl\u00e6ge bliver enige om. F\u00e5 mere at vide!","breadcrumb":{"@id":"https:\/\/www.suresmile.com\/da-dk\/suresmile-treatment-costs\/#breadcrumb"},"inLanguage":"en-US","potentialAction":[{"@type":"ReadAction","target":["https:\/\/www.suresmile.com\/da-dk\/suresmile-treatment-costs\/"]}]},{"@type":"BreadcrumbList","@id":"https:\/\/www.suresmile.com\/da-dk\/suresmile-treatment-costs\/#breadcrumb","itemListElement":[{"@type":"ListItem","position":1,"name":"Home","item":"https:\/\/www.suresmile.com\/da-dk\/"},{"@type":"ListItem","position":2,"name":"SureSmile\u00ae Treatment Costs"}]},{"@type":"WebSite","@id":"https:\/\/www.suresmile.com\/da-dk\/#website","url":"https:\/\/www.suresmile.com\/da-dk\/","name":"SureSmile Danmark","description":"","publisher":{"@id":"https:\/\/www.suresmile.com\/da-dk\/#organization"},"potentialAction":[{"@type":"SearchAction","target":{"@type":"EntryPoint","urlTemplate":"https:\/\/www.suresmile.com\/da-dk\/?s={search_term_string}"},"query-input":{"@type":"PropertyValueSpecification","valueRequired":true,"valueName":"search_term_string"}}],"inLanguage":"en-US"},{"@type":"Organization","@id":"https:\/\/www.suresmile.com\/da-dk\/#organization","name":"SureSmile","url":"https:\/\/www.suresmile.com\/da-dk\/","logo":{"@type":"ImageObject","inLanguage":"en-US","@id":"https:\/\/www.suresmile.com\/da-dk\/#\/schema\/logo\/image\/","url":"https:\/\/www.suresmile.com\/da-dk\/wp-content\/uploads\/sites\/45\/2020\/06\/cropped-SSALogoGray.png","contentUrl":"https:\/\/www.suresmile.com\/da-dk\/wp-content\/uploads\/sites\/45\/2020\/06\/cropped-SSALogoGray.png","width":1200,"height":286,"caption":"SureSmile"},"image":{"@id":"https:\/\/www.suresmile.com\/da-dk\/#\/schema\/logo\/image\/"}}]}},"_links":{"self":[{"href":"https:\/\/www.suresmile.com\/da-dk\/wp-json\/wp\/v2\/pages\/33350","targetHints":{"allow":["GET"]}}],"collection":[{"href":"https:\/\/www.suresmile.com\/da-dk\/wp-json\/wp\/v2\/pages"}],"about":[{"href":"https:\/\/www.suresmile.com\/da-dk\/wp-json\/wp\/v2\/types\/page"}],"author":[{"embeddable":true,"href":"https:\/\/www.suresmile.com\/da-dk\/wp-json\/wp\/v2\/users\/27"}],"replies":[{"embeddable":true,"href":"https:\/\/www.suresmile.com\/da-dk\/wp-json\/wp\/v2\/comments?post=33350"}],"version-history":[{"count":36,"href":"https:\/\/www.suresmile.com\/da-dk\/wp-json\/wp\/v2\/pages\/33350\/revisions"}],"predecessor-version":[{"id":34420,"href":"https:\/\/www.suresmile.com\/da-dk\/wp-json\/wp\/v2\/pages\/33350\/revisions\/34420"}],"wp:attachment":[{"href":"https:\/\/www.suresmile.com\/da-dk\/wp-json\/wp\/v2\/media?parent=33350"}],"curies":[{"name":"wp","href":"https:\/\/api.w.org\/{rel}","templated":true}]}}